58293 is divided by 633.
57
Calculate the remainder when 18261 is divided by 24.
21
Calculate the remainder when 3997 is divided by 8.
5
Calculate the remainder when 333943 is divided by 102.
97
What is the remainder when 111450 is divided by 98?
24
What is the remainder when 13073 is divided by 55?
38
Calculate the remainder when 6646 is divided by 442.
16
What is the remainder when 1951 is divided by 391?
387
What is the remainder when 52037 is divided by 25?
12
What is the remainder when 10858 is divided by 51?
46
What is the remainder when 12475 is divided by 231?
1
What is the remainder when 585 is divided by 73?
1
Calculate the remainder when 32921 is divided by 3656.
17
Calculate the remainder when 132624 is divided by 421.
9
Calculate the remainder when 5955 is divided by 18.
15
What is the remainder when 4839 is divided by 1557?
168
What is the remainder when 1956 is divided by 109?
103
Calculate the remainder when 16309 is divided by 157.
138
Calculate the remainder when 2170 is divided by 313.
292
Calculate the remainder when 19573 is divided by 19527.
46
What is the remainder when 34552 is divided by 380?
352
Calculate the remainder when 57162 is divided by 1965.
177
What is the remainder when 271680 is divided by 19?
18
Calculate the remainder when 123293 is divided by 1233.
1226
What is the remainder when 10315 is divided by 279?
271
What is the remainder when 35300 is divided by 11648?
356
What is the remainder when 2432 is divided by 70?
52
Calculate the remainder when 545158 is divided by 319.
306
Calculate the remainder when 4509 is divided by 59.
25
Calculate the remainder when 8735 is divided by 2606.
917
Calculate the remainder when 22833 is divided by 11414.
5
Calculate the remainder when 360467 is divided by 32.
19
What is the remainder when 40395 is divided by 54?
3
What is the remainder when 1937 is divided by 645?
2
Calculate the remainder when 292000 is divided by 148.
144
Calculate the remainder when 15610 is divided by 1950.
10
What is the remainder when 601589 is divided by 67?
63
Calculate the remainder when 105954 is divided by 17.
10
What is the remainder when 5743 is divided by 65?
23
What is the remainder when 80858 is divided by 40429?
0
Calculate the remainder when 62086 is divided by 199.
197
What is the remainder when 41935 is divided by 2953?
593
What is the remainder when 303120 is divided by 15?
0
Calculate the remainder when 34647 is divided by 3848.
15
What is the remainder when 11923 is divided by 637?
457
What is the remainder when 3978 is divided by 247?
26
What is the remainder when 2132 is divided by 537?
521
What is the remainder when 5800 is divided by 5797?
3
Calculate the remainder when 1301397 is divided by 40.
37
What is the remainder when 5608 is divided by 861?
442
Calculate the remainder when 58400 is divided by 9733.
2
Calculate the remainder when 3675 is divided by 1792.
91
What is the remainder when 3794 is divided by 535?
49
What is the remainder when 303906 is divided by 129?
111
What is the remainder when 1096 is divided by 576?
520
What is the remainder when 80856 is divided by 26912?
120
Calculate the remainder when 1059 is divided by 121.
91
What is the remainder when 4058 is divided by 1926?
206
Calculate the remainder when 25067 is divided by 42.
35
What is the remainder when 46754 is divided by 43?
13
Calculate the remainder when 1179911 is divided by 466.
465
What is the remainder when 119066 is divided by 482?
12
What is the remainder when 958048 is divided by 1085?
1078
What is the remainder when 315577 is divided by 15?
7
What is the remainder when 79947 is divided by 39880?
187
Calculate the remainder when 283855 is divided by 56765.
30
What is the remainder when 21344 is divided by 370?
254
What is the remainder when 62343 is divided by 1154?
27
Calculate the remainder when 3360 is divided by 1655.
50
What is the remainder when 1183 is divided by 494?
195
Calculate the remainder when 573924 is divided by 63.
57
What is the remainder when 201387 is divided by 1125?
12
What is the remainder when 12025842 is divided by 9?
6
Calculate the remainder when 52784 is divided by 5864.
8
What is the remainder when 2603 is divided by 33?
29
Calculate the remainder when 3391 is divided by 56.
31
Calculate the remainder when 31932 is divided by 10540.
312
Calculate the remainder when 7053 is divided by 8.
5
What is the remainder when 1225421 is divided by 11?
10
What is the remainder when 14146 is divided by 179?
5
What is the remainder when 1894 is divided by 133?
32
What is the remainder when 3402327 is divided by 570?
567
Calculate the remainder when 74294 is divided by 1579.
81
Calculate the remainder when 67733 is divided by 45.
8
What is the remainder when 26635 is divided by 403?
37
What is the remainder when 38579 is divided by 558?
77
Calculate the remainder when 2691 is divided by 62.
25
What is the remainder when 5366 is divided by 488?
486
What is the remainder when 40156 is divided by 40151?
5
What is the remainder when 14774 is divided by 4905?
59
Calculate the remainder when 49721 is divided by 239.
9
Calculate the remainder when 26035 is divided by 8649.
88
Calculate the remainder when 185075 is divided by 32.
19
Calculate the remainder when 22145 is divided by 1052.
53
What is the remainder when 11584 is divided by 136?
24
Calculate the remainder when 3883 is divided by 18.
13
What is the remainder when 41267 is divided by 645?
632
Calculate the remainder when 9098 is divided by 182.
180
What is the remainder when 279466 is divided by 28?
26
Calculate the remainder when 219286 is divided by 47.
31
Calculate the remainder when 15956 is divided by 10.
6
Calculate the remainder when 4682 is divided by 136.
58
What is the remainder when 7181 is divided by 477?
26
Calculate the remainder when 40547 is divided by 54.
47
Calculate the remainder when 115999 is divided by 464.
463
Calculate the remainder when 2469 is divided by 2437.
32
Calculate the remainder when 9333 is divided by 1758.
543
Calculate the remainder when 586036 is divided by 637.
633
Calculate the remainder when 406637 is divided by 136.
133
What is the remainder when 23218 is divided by 4642?
8
What is the remainder when 12507 is divided by 4167?
6
Calculate the remainder when 6930 is divided by 463.
448
Calculate the remainder when 3727 is divided by 1837.
53
What is the remainder when 6436 is divided by 191?
133
What is the remainder when 582 is divided by 17?
4
Calculate the remainder when 21896 is divided by 7234.
194
What is the remainder when 10873 is divided by 5373?
127
Calculate the remainder when 813300 is divided by 145.
140
What is the remainder when 45121 is divided by 13?
11
Calculate the remainder when 1954 is divided by 70.
64
What is the remainder when 472201 is divided by 29?
23
Calculate the remainder when 124549 is divided by 32.
5
Calculate the remainder when 886 is divided by 248.
142
Calculate the remainder when 18295 is divided by 46.
33
Calculate the remainder when 145391 is divided by 16.
15
Calculate the remainder when 934 is divided by 174.
64
What is the remainder when 106 is divided by 26?
2
Calculate the remainder when 760277 is divided by 184.
173
Calculate the remainder when 213613 is divided by 1515.
1513
What is the remainder when 1107126 is divided by 138390?
6
What is the remainder when 20283 is divided by 1462?
1277
What is the remainder when 3050 is divided by 72?
26
What is the remainder when 1306667 is divided by 836?
835
What is the remainder when 9244 is divided by 2692?
1168
Calculate the remainder when 1723 is divided by 96.
91
What is the remainder when 5931 is divided by 65?
16
Calculate the remainder when 119564 is divided by 284.
0
Calculate the remainder when 10376 is divided by 8.
0
Calculate the remainder when 229845 is divided by 76606.
27
What is the remainder when 3704 is divided by 452?
88
Calculate the remainder when 14362 is divided by 897.
10
What is the remainder when 260940 is divided by 57?
51
Calculate the remainder when 496 is divided by 432.
64
What is the remainder when 35960 is divided by 154?
78
Calculate the remainder when 543 is divided by 271.
1
Calculate the remainder when 6610 is divided by 265.
250
Calculate the remainder when 6